[INFO] fetching crate mur3 0.1.0...
[INFO] checking mur3-0.1.0 against master#e6e4f7ed1589e03bc2f6c5931c1a72e7947e8682 for beta-170-4
[INFO] extracting crate mur3 0.1.0 into /workspace/builds/worker-4-tc2/source
[INFO] validating manifest of crates.io crate mur3 0.1.0 on toolchain e6e4f7ed1589e03bc2f6c5931c1a72e7947e8682
[INFO] running `Command { std: CARGO_HOME="/workspace/cargo-home" RUSTUP_HOME="/workspace/rustup-home" "/workspace/cargo-home/bin/cargo" "+e6e4f7ed1589e03bc2f6c5931c1a72e7947e8682" "metadata" "--manifest-path" "Cargo.toml" "--no-deps", kill_on_drop: false }`
[INFO] started tweaking crates.io crate mur3 0.1.0
[INFO] finished tweaking crates.io crate mur3 0.1.0
[INFO] tweaked toml for crates.io crate mur3 0.1.0 written to /workspace/builds/worker-4-tc2/source/Cargo.toml
[INFO] running `Command { std: CARGO_HOME="/workspace/cargo-home" RUSTUP_HOME="/workspace/rustup-home" __CARGO_TEST_CHANNEL_OVERRIDE_DO_NOT_USE_THIS="nightly" "/workspace/cargo-home/bin/cargo" "+e6e4f7ed1589e03bc2f6c5931c1a72e7947e8682" "generate-lockfile" "--manifest-path" "Cargo.toml" "-Zno-index-update", kill_on_drop: false }`
[INFO] running `Command { std: CARGO_HOME="/workspace/cargo-home" RUSTUP_HOME="/workspace/rustup-home" "/workspace/cargo-home/bin/cargo" "+e6e4f7ed1589e03bc2f6c5931c1a72e7947e8682" "fetch" "--manifest-path" "Cargo.toml", kill_on_drop: false }`
[INFO] running `Command { std: "docker" "create" "-v" "/var/lib/crater-agent-workspace/builds/worker-4-tc2/target:/opt/rustwide/target:rw,Z" "-v" "/var/lib/crater-agent-workspace/builds/worker-4-tc2/source:/opt/rustwide/workdir:ro,Z" "-v" "/var/lib/crater-agent-workspace/cargo-home:/opt/rustwide/cargo-home:ro,Z" "-v" "/var/lib/crater-agent-workspace/rustup-home:/opt/rustwide/rustup-home:ro,Z" "-e" "SOURCE_DIR=/opt/rustwide/workdir" "-e" "CARGO_TARGET_DIR=/opt/rustwide/target" "-e" "CARGO_HOME=/opt/rustwide/cargo-home" "-e" "RUSTUP_HOME=/opt/rustwide/rustup-home" "-w" "/opt/rustwide/workdir" "-m" "1610612736" "--user" "0:0" "--network" "none" "ghcr.io/rust-lang/crates-build-env/linux@sha256:19e73879b68f455e41552ea35293514db52ea292d993f571636dbffedb77a1ee" "/opt/rustwide/cargo-home/bin/cargo" "+e6e4f7ed1589e03bc2f6c5931c1a72e7947e8682" "metadata" "--no-deps" "--format-version=1", kill_on_drop: false }`
[INFO] [stdout] dee82946a6adedde73be93a5eeb7a218c3160eeaca965331cb7bb53d49385dda
[INFO] running `Command { std: "docker" "start" "-a" "dee82946a6adedde73be93a5eeb7a218c3160eeaca965331cb7bb53d49385dda", kill_on_drop: false }`
[INFO] running `Command { std: "docker" "inspect" "dee82946a6adedde73be93a5eeb7a218c3160eeaca965331cb7bb53d49385dda", kill_on_drop: false }`
[INFO] running `Command { std: "docker" "rm" "-f" "dee82946a6adedde73be93a5eeb7a218c3160eeaca965331cb7bb53d49385dda", kill_on_drop: false }`
[INFO] [stdout] dee82946a6adedde73be93a5eeb7a218c3160eeaca965331cb7bb53d49385dda
[INFO] running `Command { std: "docker" "create" "-v" "/var/lib/crater-agent-workspace/builds/worker-4-tc2/target:/opt/rustwide/target:rw,Z" "-v" "/var/lib/crater-agent-workspace/builds/worker-4-tc2/source:/opt/rustwide/workdir:ro,Z" "-v" "/var/lib/crater-agent-workspace/cargo-home:/opt/rustwide/cargo-home:ro,Z" "-v" "/var/lib/crater-agent-workspace/rustup-home:/opt/rustwide/rustup-home:ro,Z" "-e" "SOURCE_DIR=/opt/rustwide/workdir" "-e" "CARGO_TARGET_DIR=/opt/rustwide/target" "-e" "CARGO_INCREMENTAL=0" "-e" "RUST_BACKTRACE=full" "-e" "RUSTFLAGS=--cap-lints=forbid" "-e" "RUSTDOCFLAGS=--cap-lints=forbid" "-e" "CARGO_HOME=/opt/rustwide/cargo-home" "-e" "RUSTUP_HOME=/opt/rustwide/rustup-home" "-w" "/opt/rustwide/workdir" "-m" "1610612736" "--user" "0:0" "--network" "none" "ghcr.io/rust-lang/crates-build-env/linux@sha256:19e73879b68f455e41552ea35293514db52ea292d993f571636dbffedb77a1ee" "/opt/rustwide/cargo-home/bin/cargo" "+e6e4f7ed1589e03bc2f6c5931c1a72e7947e8682" "check" "--frozen" "--all" "--all-targets" "--message-format=json", kill_on_drop: false }`
[INFO] [stdout] af3a3a57e42b32de09832c3a357fcff11c4cbe9293fb20017abc08da666b51bd
[INFO] running `Command { std: "docker" "start" "-a" "af3a3a57e42b32de09832c3a357fcff11c4cbe9293fb20017abc08da666b51bd", kill_on_drop: false }`
[INFO] [stderr]     Checking serde_json v1.0.96
[INFO] [stderr]     Checking serde_cbor v0.11.2
[INFO] [stderr]     Checking atty v0.2.14
[INFO] [stderr]    Compiling syn v2.0.18
[INFO] [stderr]     Checking csv v1.2.1
[INFO] [stderr]     Checking mur3 v0.1.0 (/opt/rustwide/workdir)
[INFO] [stderr]     Checking env_logger v0.8.4
[INFO] [stderr]    Compiling quickcheck_macros v1.0.0
[INFO] [stderr]     Checking rayon v1.7.0
[INFO] [stderr]     Checking quickcheck v1.0.3
[INFO] [stderr]     Checking tinytemplate v1.2.1
[INFO] [stderr]    Compiling serde_derive v1.0.163
[INFO] [stderr]     Checking criterion v0.3.6
[INFO] [stdout] error[E0432]: unresolved import `mur3_c`
[INFO] [stdout]  --> tests/tests.rs:3:5
[INFO] [stdout]   |
[INFO] [stdout] 3 | use mur3_c::*;
[INFO] [stdout]   |     ^^^^^^ use of undeclared crate or module `mur3_c`
[INFO] [stdout]   |
[INFO] [stdout] help: there is a crate or module with a similar name
[INFO] [stdout]   |
[INFO] [stdout] 3 | use mur3::*;
[INFO] [stdout]   |     ~~~~
[INFO] [stdout] 
[INFO] [stdout] 
[INFO] [stdout] error[E0432]: unresolved import `mur3_c`
[INFO] [stdout]  --> benches/bench.rs:7:5
[INFO] [stdout]   |
[INFO] [stdout] 7 | use mur3_c::*;
[INFO] [stdout]   |     ^^^^^^ use of undeclared crate or module `mur3_c`
[INFO] [stdout]   |
[INFO] [stdout] help: there is a crate or module with a similar name
[INFO] [stdout]   |
[INFO] [stdout] 7 | use mur3::*;
[INFO] [stdout]   |     ~~~~
[INFO] [stdout] 
[INFO] [stdout] 
[INFO] [stdout] error[E0425]: cannot find function `hash32` in this scope
[INFO] [stdout]    --> tests/tests.rs:134:17
[INFO] [stdout]     |
[INFO] [stdout] 134 |     let c_res = hash32(&xs, 0);
[INFO] [stdout]     |                 ^^^^^^ help: a local variable with a similar name exists: `hasher32`
[INFO] [stdout] 
[INFO] [stdout] 
[INFO] [stdout] error[E0425]: cannot find function `hash128_64` in this scope
[INFO] [stdout]    --> tests/tests.rs:144:17
[INFO] [stdout]     |
[INFO] [stdout] 144 |     let c_res = hash128_64(&xs, 0);
[INFO] [stdout]     |                 ^^^^^^^^^^ not found in this scope
[INFO] [stdout] 
[INFO] [stdout] 
[INFO] [stdout] error[E0425]: cannot find function `hash32` in this scope
[INFO] [stdout]    --> tests/tests.rs:154:17
[INFO] [stdout]     |
[INFO] [stdout] 154 |     let c_res = hash32(&xs, seed);
[INFO] [stdout]     |                 ^^^^^^ help: a local variable with a similar name exists: `hasher32`
[INFO] [stdout] 
[INFO] [stdout] 
[INFO] [stdout] error[E0425]: cannot find function `hash32` in this scope
[INFO] [stdout]   --> benches/bench.rs:23:23
[INFO] [stdout]    |
[INFO] [stdout] 23 |             let res = hash32(i, 0);
[INFO] [stdout]    |                       ^^^^^^ not found in this scope
[INFO] [stdout] 
[INFO] [stdout] 
[INFO] [stdout] error[E0425]: cannot find function `hash128_64` in this scope
[INFO] [stdout]    --> tests/tests.rs:164:17
[INFO] [stdout]     |
[INFO] [stdout] 164 |     let c_res = hash128_64(&xs, seed);
[INFO] [stdout]     |                 ^^^^^^^^^^ not found in this scope
[INFO] [stdout] 
[INFO] [stdout] 
[INFO] [stdout] error[E0425]: cannot find function `hash32` in this scope
[INFO] [stdout]    --> tests/tests.rs:180:17
[INFO] [stdout]     |
[INFO] [stdout] 180 |     let c_res = hash32(&all_bytes, seed);
[INFO] [stdout]     |                 ^^^^^^ help: a local variable with a similar name exists: `hasher32`
[INFO] [stdout] 
[INFO] [stdout] 
[INFO] [stdout] error[E0425]: cannot find function `hash128_64` in this scope
[INFO] [stdout]   --> benches/bench.rs:53:23
[INFO] [stdout]    |
[INFO] [stdout] 53 |             let res = hash128_64(i, 0);
[INFO] [stdout]    |                       ^^^^^^^^^^ not found in this scope
[INFO] [stdout] 
[INFO] [stdout] 
[INFO] [stdout] error[E0425]: cannot find function `hash128_64` in this scope
[INFO] [stdout]    --> tests/tests.rs:196:17
[INFO] [stdout]     |
[INFO] [stdout] 196 |     let c_res = hash128_64(&all_bytes, seed);
[INFO] [stdout]     |                 ^^^^^^^^^^ not found in this scope
[INFO] [stdout] 
[INFO] [stdout] 
[INFO] [stderr] error: could not compile `mur3` (test "tests") due to 8 previous errors
[INFO] [stdout] error: aborting due to 7 previous errors
[INFO] [stdout] 
[INFO] [stdout] 
[INFO] [stderr] warning: build failed, waiting for other jobs to finish...
[INFO] [stdout] Some errors have detailed explanations: E0425, E0432.
[INFO] [stdout] 
[INFO] [stdout] For more information about an error, try `rustc --explain E0425`.
[INFO] [stdout] 
[INFO] [stdout] error: aborting due to 3 previous errors
[INFO] [stdout] 
[INFO] [stdout] 
[INFO] [stdout] Some errors have detailed explanations: E0425, E0432.
[INFO] [stdout] 
[INFO] [stdout] For more information about an error, try `rustc --explain E0425`.
[INFO] [stdout] 
[INFO] [stderr] error: could not compile `mur3` (bench "bench") due to 4 previous errors
[INFO] running `Command { std: "docker" "inspect" "af3a3a57e42b32de09832c3a357fcff11c4cbe9293fb20017abc08da666b51bd", kill_on_drop: false }`
[INFO] running `Command { std: "docker" "rm" "-f" "af3a3a57e42b32de09832c3a357fcff11c4cbe9293fb20017abc08da666b51bd", kill_on_drop: false }`
[INFO] [stdout] af3a3a57e42b32de09832c3a357fcff11c4cbe9293fb20017abc08da666b51bd
